826043 a composite number?
False
Is 5419826417 prime?
True
Is 13067315531 a prime number?
False
Is 27650235401 a composite number?
True
Is 1195609301 a prime number?
False
Is 15510061499 composite?
False
Is 64321758727 a composite number?
False
Is 2512780631 composite?
False
Is 1415725979 composite?
False
Is 31646543363 a prime number?
True
Is 59991905231 a composite number?
False
Is 10254502633 a composite number?
False
Is 52691077069 a composite number?
True
Is 98795761 prime?
False
Is 2322124117 a composite number?
True
Is 2319520789 a composite number?
False
Is 8739363335 a prime number?
False
Is 1487217827 composite?
True
Is 7389249883 a prime number?
True
Is 964425601 a prime number?
False
Is 556445467 a prime number?
False
Is 12700073569 composite?
False
Is 96708836423 a prime number?
False
Is 352793551 a composite number?
True
Is 176846297 composite?
False
Is 1563546529 a composite number?
True
Is 3189000419 prime?
False
Is 38998185547 composite?
False
Is 582039041 prime?
True
Is 61292319665 prime?
False
Is 29407419971 composite?
True
Is 10843570333 a composite number?
False
Is 14787791287 a prime number?
True
Is 70268672777 prime?
True
Is 6025515259 composite?
True
Is 3114654953 a prime number?
False
Is 14975372827 composite?
False
Is 2973705563 prime?
False
Is 412577681 a prime number?
True
Is 786223793 composite?
True
Is 431109323 a prime number?
True
Is 2309089387 a prime number?
False
Is 74591201 a composite number?
False
Is 43900476077 composite?
True
Is 362317951 a composite number?
True
Is 4468527695 a composite number?
True
Is 8606947719 prime?
False
Is 939946507 composite?
True
Is 17955771017 composite?
False
Is 219052969 a composite number?
True
Is 58037338613 composite?
False
Is 701799853 a prime number?
True
Is 106326974899 composite?
True
Is 14894504285 composite?
True
Is 1715266402 a prime number?
False
Is 177121951 a prime number?
True
Is 87652668841 prime?
True
Is 91302193 prime?
True
Is 1342911967 a prime number?
False
Is 9493938529 a prime number?
False
Is 3348654521 a composite number?
False
Is 154534693 a composite number?
False
Is 339599119 a composite number?
False
Is 41409077599 a prime number?
False
Is 4642608023 prime?
True
Is 9802609429 a composite number?
True
Is 3518991209 a prime number?
False
Is 410209927 composite?
False
Is 1651428089 a prime number?
True
Is 24501906071 composite?
False
Is 964804727 a prime number?
False
Is 280145111 prime?
True
Is 259361789 a prime number?
True
Is 78038176431 a prime number?
False
Is 380878879 prime?
False
Is 64851539339 prime?
False
Is 4207799257 a composite number?
True
Is 307143197 prime?
True
Is 11389396835 prime?
False
Is 25403996039 a composite number?
False
Is 68221754 composite?
True
Is 5711979569 prime?
True
Is 28799924729 a prime number?
False
Is 589712741 composite?
False
Is 480302177 prime?
False
Is 83277049 a prime number?
True
Is 6424101887 a composite number?
True
Is 173418241 a composite number?
True
Is 26491887557 a prime number?
False
Is 831636733 a prime number?
False
Is 214985167141 prime?
False
Is 653081111 prime?
True
Is 8141779067 a composite number?
False
Is 149798573 a prime number?
True
Is 44081201447 a composite number?
False
Is 99038262209 a composite number?
True
Is 89700311663 prime?
True
Is 21794367607 a prime number?
True
Is 1142518319 a prime number?
True
Is 8583424261 composite?
False
Is 2689310242 prime?
False
Is 89757197 a prime number?
False
Is 814730113 a composite number?
True
Is 4647334595 prime?
False
Is 242626873 a prime number?
False
Is 4002818707 a composite number?
False
Is 82906852289 a prime number?
False
Is 2097355687 a composite number?
True
Is 359424673 a composite number?
True
Is 3194964061 a composite number?
True
Is 358024519 a composite number?
False
Is 2033972494 composite?
True
Is 2040319507 a composite number?
True
Is 50390559523 a composite number?
True
Is 341536693391 a composite number?
True
Is 27109752157 prime?
False
Is 1118767283 a composite number?
True
Is 16663227007 a composite number?
True
Is 5295915059 prime?
True
Is 235772153 a composite number?
False
Is 2178158123 prime?
True
Is 121451722087 composite?
False
Is 157884323 composite?
True
Is 55067917 a composite number?
False
Is 14567938391 composite?
False
Is 373519621 a prime number?
False
Is 7968923477 composite?
False
Is 229526239 a composite number?
True
Is 304105597 composite?
False
Is 8408425549 composite?
False
Is 997747651 a prime number?
True
Is 1905134843 a composite number?
True
Is 3116922287 composite?
False
Is 570620819 composite?
True
Is 2880485033 a composite number?
False
Is 4861465451 composite?
True
Is 5117074079 a prime number?
False
Is 1033599767 prime?
True
Is 1124269247 prime?
False
Is 24315384949 a prime number?
True
Is 7897221289 composite?
False
Is 310522091149 prime?
True
Is 1684464791 a composite number?
False
Is 7105406381 composite?
False
Is 863701987 prime?
True
Is 9683916427 prime?
False
Is 1986849251 prime?
True
Is 43571877389 a composite number?
True
Is 8009457373 composite?
False
Is 710520651455 prime?
False
Is 161489841 a composite number?
True
Is 8331143473 prime?
False
Is 116282053471 composite?
True
Is 611310439 a composite number?
True
Is 12162818273 prime?
True
Is 74390341889 prime?
True
Is 3230677649 a composite number?
True
Is 4022697527 composite?
False
Is 38698078049 prime?
False
Is 921510193 prime?
True
Is 2783696527 a prime number?
False
Is 4540062379 prime?
True
Is 4294226567 a composite number?
True
Is 2528454551 prime?
False
Is 216051553 a composite number?
False
Is 42919087177 prime?
True
Is 222448427 a composite number?
False
Is 89164637 composite?
False
Is 2108977267 a composite number?
True
Is 330814657 a composite number?
True
Is 5661384731 composite?
False
Is 144362143 prime?
True
Is 38492300443 a prime number?
True
Is 7008169273 a prime number?
False
Is 251728973 a composite number?
True
Is 2669496691 composite?
True
Is 1799712833 prime?
True
Is 73350923441 a prime number?
True
Is 35336715481 composite?
False
Is 265600495 a composite number?
True
Is 3184022113 a composite number?
True
Is 17013891637 composite?
True
Is 39302955203 prime?
True
Is 549033787 prime?
False
Is 29368437079 prime?
True
Is 25097788811 prime?
True
Is 17700663523 a prime number?
True
Is 20823949717 prime?
True
Is 47524076371 a composite number?
True
Is 5755724855 a prime number?
False
Is 16935521969 a prime number?
True
Is 749410531 a composite number?
False
Is 15208220909 a prime number?
False
Is 1717964791 composite?
True
Is 516281327 composite?
False
Is 2190412831 a composite number?
False
Is 437222147 prime?
False
Is 6466996919 a composite number?
True
Is 24242329369 a prime number?
False
Is 41841095489 composite?
False
Is 19131025619 composite?
True
Is 972500569 a prime number?
True
Is 2398810807 composite?
False
Is 1214609653 prime?
False
Is 5546275777 prime?
False
Is 26504267 a prime number?
False
Is 1067225903 composite?
False
Is 171613195427 a prime number?
False
Is 73077697033 prime?
False
Is 5336890873 prime?
False
Is 215686397 a prime number?
True
Is 144375523 prime?
True
Is 4901665889 prime?
False
Is 981315383 composite?
False
Is 172235451407 prime?
True
Is 514929713 composite?
True
Is 67024156093 a composite number?
False
Is 222026941 prime?
False
Is 807267581 a composite number?
True
Is 112048969 a prime number?
False
Is 9611129873 composite?
False
Is 23463028741 a prime number?
True
Is 299319109 a composite number?
False
Is 18894976091 prime?
False
Is 44386706965 composite?
True
Is 245349217 a prime number?
True
Is 5774809867 prime?
True
Is 40553155855 a composite number?
True
Is 1037007067 prime?
True
Is 242906262511 a composite number?
True
Is 527139869 composite?
False
Is 1331677817 composite?
False
Is 9629475497 prime?
True
Is 11980141523 a prime number?
False
Is 7324078079 a composite number?
False
Is 41423043687 a composite number?
True
Is 322424503 composite?
False
Is 14816646469 composite?
True
Is 4951874751 composite?
True
Is 3883119001 a composite number?
False
Is 2466954013 composite?
True
Is 1001976887 a composite number?
False
Is 30797893967 a composite number?
True
Is 13287810427 prime?
False
Is 11691136073 composite?
False
Is 4383554401 a prime number?
False
Is 71295461 prime?
True
Is 27591